{"id":8,"date":"2023-01-09T17:39:09","date_gmt":"2023-01-09T17:39:09","guid":{"rendered":"https:\/\/topdesignteam.com\/wsi2\/?page_id=8"},"modified":"2023-04-23T11:32:46","modified_gmt":"2023-04-23T11:32:46","slug":"home","status":"publish","type":"page","link":"https:\/\/topdesignteam.com\/wsi2\/","title":{"rendered":"Home"},"content":{"rendered":"<div id=\"pl-8\"  class=\"panel-layout\" ><div id=\"pg-8-0\"  class=\"panel-grid panel-has-style\" ><div class=\"siteorigin-panels-stretch panel-row-style panel-row-style-for-8-0\" data-stretch-type=\"full-stretched\" ><div id=\"pgc-8-0-0\"  class=\"panel-grid-cell\" ><div id=\"panel-8-0-0-0\" class=\"so-panel widget widget_siteorigin-panels-builder panel-first-child panel-last-child\" data-index=\"0\" ><div class=\"panel-widget-style panel-widget-style-for-8-0-0-0\" ><div id=\"pl-w6445175e2e52d\"  class=\"panel-layout\" ><div id=\"pg-w6445175e2e52d-0\"  class=\"panel-grid panel-has-style\" ><div class=\"siteorigin-panels-stretch panel-row-style panel-row-style-for-w6445175e2e52d-0\" data-stretch-type=\"full\" ><div id=\"pgc-w6445175e2e52d-0-0\"  class=\"panel-grid-cell panel-grid-cell-mobile-last\" ><div class=\"panel-cell-style panel-cell-style-for-w6445175e2e52d-0-0\" ><div id=\"panel-w6445175e2e52d-0-0-0\" class=\"so-panel widget widget_black-studio-tinymce widget_black_studio_tinymce panel-first-child\" data-index=\"0\" ><div class=\"textwidget\"><h3 style=\"color: #21ae98\">Bioreningsverk<br \/>\nf\u00f6r enskilt avlopp.<\/h3>\n<p><small>Alnarp Cleanwater Technology:s bioreningsverk f\u00f6r enskilt avlopp erbjuder stabil rening p\u00e5 naturligt s\u00e4tt. Det \u00e4r en l\u00e5ngsiktig l\u00f6sning som passar b\u00e5de f\u00f6r permanentboende och <a href=\"https:\/\/topdesignteam.com\/wsi2\/5-saker-att-tanka-pa-nar-du-skaffar-enskilt-avlopp-till-fritidshus\/\">fritidshus<\/a>.<\/p>\n<p><span class=\"elementor-icon-list-text\">L\u00e4ttsk\u00f6tt<\/span> <i class=\"fas fa-check\" aria-hidden=\"true\" style=\"color: #21ae98;\"><\/i> <span class=\"elementor-icon-list-text\">Inga kemikalier<\/span><br \/>\n<i class=\"fas fa-check\" aria-hidden=\"true\" style=\"color: #21ae98;\"><\/i><span class=\"elementor-icon-list-text\">Slamnedbrytning<\/span> <i class=\"fas fa-check\" aria-hidden=\"true\" style=\"color: #21ae98;\"><\/i><span class=\"elementor-icon-list-text\">L\u00e4kemedelsrening<\/span><\/small><\/p>\n<\/div><\/div><div id=\"panel-w6445175e2e52d-0-0-1\" class=\"so-panel widget widget_sow-button panel-last-child\" data-index=\"1\" ><div\n\t\t\t\n\t\t\tclass=\"so-widget-sow-button so-widget-sow-button-wire-16baeb3eb3ab\"\n\t\t\t\n\t\t><div class=\"ow-button-base ow-button-align-left\"\n>\n\t\t\t<a\n\t\t\t\t\thref=\"https:\/\/topdesignteam.com\/wsi2\/kontakt\/\"\n\t\t\t\t\tclass=\"sowb-button ow-icon-placement-left ow-button-hover\" \t>\n\t\t<span>\n\t\t\t\n\t\t\tKONTAKTA OSS\t\t<\/span>\n\t\t\t<\/a>\n\t<\/div>\n<\/div><\/div><\/div><\/div><div id=\"pgc-w6445175e2e52d-0-1\"  class=\"panel-grid-cell panel-grid-cell-empty\" ><\/div><\/div><\/div><\/div><\/div><\/div><\/div><\/div><\/div><div id=\"pg-8-1\"  class=\"panel-grid panel-has-style\" ><div class=\"siteorigin-panels-stretch panel-row-style panel-row-style-for-8-1\" data-stretch-type=\"full-stretched\" ><div id=\"pgc-8-1-0\"  class=\"panel-grid-cell\" ><div id=\"panel-8-1-0-0\" class=\"so-panel widget widget_siteorigin-panels-builder panel-first-child panel-last-child\" data-index=\"1\" ><div class=\"panel-widget-style panel-widget-style-for-8-1-0-0\" ><div id=\"pl-w643fd70033851\"  class=\"panel-layout\" ><div id=\"pg-w643fd70033851-0\"  class=\"panel-grid panel-has-style\" ><div class=\"siteorigin-panels-stretch panel-row-style panel-row-style-for-w643fd70033851-0\" data-stretch-type=\"full\" ><div id=\"pgc-w643fd70033851-0-0\"  class=\"panel-grid-cell\" ><div id=\"panel-w643fd70033851-0-0-0\" class=\"so-panel widget widget_black-studio-tinymce widget_black_studio_tinymce panel-first-child panel-last-child\" data-index=\"0\" ><div class=\"panel-widget-style panel-widget-style-for-w643fd70033851-0-0-0\" ><div class=\"textwidget\"><p><img decoding=\"async\" src=\"https:\/\/topdesignteam.com\/wsi2\/wp-content\/uploads\/2023\/02\/180312-ProACT-InterACT-Hus-1-CMYK_1-1024x768-1.jpg\" alt=\"\" width=\"160\" class=\"alignnone size-full wp-image-16803\" srcset=\"https:\/\/topdesignteam.com\/wsi2\/wp-content\/uploads\/2023\/02\/180312-ProACT-InterACT-Hus-1-CMYK_1-1024x768-1.jpg 1024w, https:\/\/topdesignteam.com\/wsi2\/wp-content\/uploads\/2023\/02\/180312-ProACT-InterACT-Hus-1-CMYK_1-1024x768-1-300x225.jpg 300w, https:\/\/topdesignteam.com\/wsi2\/wp-content\/uploads\/2023\/02\/180312-ProACT-InterACT-Hus-1-CMYK_1-1024x768-1-768x576.jpg 768w\" sizes=\"(max-width: 1024px) 100vw, 1024px\" \/><\/p>\n<h2>S\u00e5 fungerar<br \/>\nBioreningsverket<br \/>\nf\u00f6r enskilt avlopp<\/h2>\n<\/div><\/div><\/div><\/div><div id=\"pgc-w643fd70033851-0-1\"  class=\"panel-grid-cell\" ><div id=\"panel-w643fd70033851-0-1-0\" class=\"so-panel widget widget_black-studio-tinymce widget_black_studio_tinymce panel-first-child panel-last-child\" data-index=\"1\" ><div class=\"white_t panel-widget-style panel-widget-style-for-w643fd70033851-0-1-0\" ><div class=\"textwidget\">\n<ul style=\"margin-left:20px\">\n<li>Alnarp Cleanwater Technology:s bioreningsverk f\u00f6r enskilt avlopp erbjuder en stabil rening p\u00e5 naturligt s\u00e4tt.<\/li>\n<li>V\u00e4xter och mikroorganismer renar vattnet, vilket g\u00f6r det till en l\u00e4ttsk\u00f6tt, l\u00e5ngsiktig l\u00f6sning!<\/li>\n<li>Ut\u00f6ver att ta hand om de \u00e4mnen det finns reningskrav p\u00e5 i dagsl\u00e4get s\u00e5 renar bioreningsverket \u00e4ven l\u00e4kemedelsrester.<\/li>\n<\/ul>\n<\/div><\/div><\/div><\/div><\/div><\/div><\/div><\/div><\/div><\/div><\/div><\/div><div id=\"pg-8-2\"  class=\"panel-grid panel-has-style\" ><div class=\"siteorigin-panels-stretch panel-row-style panel-row-style-for-8-2\" data-stretch-type=\"full\" ><div id=\"pgc-8-2-0\"  class=\"panel-grid-cell\" ><div id=\"panel-8-2-0-0\" class=\"so-panel widget widget_siteorigin-panels-builder panel-first-child panel-last-child\" data-index=\"2\" ><div class=\"panel-widget-style panel-widget-style-for-8-2-0-0\" ><div id=\"pl-w63e8da4eb0993\"  class=\"panel-layout\" ><div id=\"pg-w63e8da4eb0993-0\"  class=\"panel-grid panel-has-style\" ><div class=\"siteorigin-panels-stretch panel-row-style panel-row-style-for-w63e8da4eb0993-0\" data-stretch-type=\"full\" ><div id=\"pgc-w63e8da4eb0993-0-0\"  class=\"panel-grid-cell\" ><div id=\"panel-w63e8da4eb0993-0-0-0\" class=\"so-panel widget widget_black-studio-tinymce widget_black_studio_tinymce panel-first-child panel-last-child\" data-index=\"0\" ><div class=\"center_align panel-widget-style panel-widget-style-for-w63e8da4eb0993-0-0-0\" ><div class=\"textwidget\"><h2>L\u00e5ngsiktig rening, l\u00e4ttsk\u00f6tt och vacker!<\/h2>\n<\/div><\/div><\/div><\/div><\/div><\/div><div id=\"pg-w63e8da4eb0993-1\"  class=\"panel-grid panel-no-style\" ><div id=\"pgc-w63e8da4eb0993-1-0\"  class=\"panel-grid-cell\" ><div class=\"panel-cell-style panel-cell-style-for-w63e8da4eb0993-1-0\" ><div id=\"panel-w63e8da4eb0993-1-0-0\" class=\"so-panel widget widget_black-studio-tinymce widget_black_studio_tinymce panel-first-child panel-last-child\" data-index=\"1\" ><div class=\"textwidget\"><h5><a href=\"https:\/\/topdesignteam.com\/wsi2\/vart-bioreningsverk\/bioreningsverk\/\">Bioreningsverket<\/a><\/h5>\n<p>Enskilt avlopp som \u00e4r l\u00e4ttsk\u00f6tt, sj\u00e4lvg\u00e5ende och dessutom vackert. En l\u00e5ngsiktig l\u00f6sning som \u00e4r bra b\u00e5de f\u00f6r dig och milj\u00f6n.<\/p>\n<p><a href=\"https:\/\/topdesignteam.com\/wsi2\/vart-bioreningsverk\/bioreningsverk\/\">BIORENINGSVERKET <i aria-hidden=\"true\" class=\"fas fa-arrow-right\"><\/i><\/a><\/p>\n<\/div><\/div><\/div><\/div><div id=\"pgc-w63e8da4eb0993-1-1\"  class=\"panel-grid-cell\" ><div class=\"panel-cell-style panel-cell-style-for-w63e8da4eb0993-1-1\" ><div id=\"panel-w63e8da4eb0993-1-1-0\" class=\"so-panel widget widget_black-studio-tinymce widget_black_studio_tinymce panel-first-child panel-last-child\" data-index=\"2\" ><div class=\"textwidget\"><h5><a href=\"https:\/\/topdesignteam.com\/wsi2\/vart-bioreningsverk\/sa-fungerar-det\/\">S\u00e5 fungerar det<\/a><\/h5>\n<p>I ett till tre steg renas vattnet beroende p\u00e5 de krav som kommunen st\u00e4ller p\u00e5 din fastighet. Mikroorganismer och v\u00e4xter \u00e4r basen i reningen.<\/p>\n<p><a href=\"https:\/\/topdesignteam.com\/wsi2\/vart-bioreningsverk\/sa-fungerar-det\/\">S\u00c5 FUNGERAR DET <i aria-hidden=\"true\" class=\"fas fa-arrow-right\"><\/i><\/a><\/p>\n<\/div><\/div><\/div><\/div><div id=\"pgc-w63e8da4eb0993-1-2\"  class=\"panel-grid-cell\" ><div class=\"panel-cell-style panel-cell-style-for-w63e8da4eb0993-1-2\" ><div id=\"panel-w63e8da4eb0993-1-2-0\" class=\"so-panel widget widget_black-studio-tinymce widget_black_studio_tinymce panel-first-child panel-last-child\" data-index=\"3\" ><div class=\"textwidget\"><h5><a href=\"https:\/\/topdesignteam.com\/wsi2\/vart-bioreningsverk\/bioreningsverk\/\">Att anl\u00e4gga enskilt avlopp<\/a><\/h5>\n<p>Oavsett om du har normal eller h\u00f6g skyddsniv\u00e5 har du som fastighets\u00e4gare alltid n\u00e5gra steg som du beh\u00f6ver g\u00e5 igenom. Vi hj\u00e4lper dig genom hela processen.<\/p>\n<p><a href=\"https:\/\/topdesignteam.com\/wsi2\/vart-bioreningsverk\/bioreningsverk\/\">ATT ANL\u00c4GGA <i aria-hidden=\"true\" class=\"fas fa-arrow-right\"><\/i><\/a><\/p>\n<\/div><\/div><\/div><\/div><\/div><div id=\"pg-w63e8da4eb0993-2\"  class=\"panel-grid panel-has-style\" ><div class=\"siteorigin-panels-stretch panel-row-style panel-row-style-for-w63e8da4eb0993-2\" data-stretch-type=\"full\" ><div id=\"pgc-w63e8da4eb0993-2-0\"  class=\"panel-grid-cell\" ><div id=\"panel-w63e8da4eb0993-2-0-0\" class=\"so-panel widget widget_sow-button panel-first-child panel-last-child\" data-index=\"4\" ><div\n\t\t\t\n\t\t\tclass=\"so-widget-sow-button so-widget-sow-button-wire-a355f0a22ad0\"\n\t\t\t\n\t\t><div class=\"ow-button-base ow-button-align-center\"\n>\n\t\t\t<a\n\t\t\t\t\thref=\"https:\/\/topdesignteam.com\/wsi2\/kontakt\/\"\n\t\t\t\t\tclass=\"sowb-button ow-icon-placement-left ow-button-hover\" \t>\n\t\t<span>\n\t\t\t\n\t\t\tKONTAKTA OSS\t\t<\/span>\n\t\t\t<\/a>\n\t<\/div>\n<\/div><\/div><\/div><\/div><\/div><\/div><\/div><\/div><\/div><\/div><\/div><div id=\"pg-8-3\"  class=\"panel-grid panel-has-style\" ><div class=\"center_align panel-row-style panel-row-style-for-8-3\" ><div id=\"pgc-8-3-0\"  class=\"panel-grid-cell\" ><div id=\"panel-8-3-0-0\" class=\"so-panel widget widget_black-studio-tinymce widget_black_studio_tinymce panel-first-child panel-last-child\" data-index=\"3\" ><div class=\"textwidget\"><h2>Aktuellt fr\u00e5n<br \/>\nAlnarp Cleanwater<\/h2>\n<\/div><\/div><\/div><\/div><\/div><\/div>","protected":false},"excerpt":{"rendered":"<p>Bioreningsverk f\u00f6r enskilt avlopp. Alnarp Cleanwater Technology:s bioreningsverk f\u00f6r enskilt avlopp erbjuder stabil rening p\u00e5&#8230;<\/p>\n","protected":false},"author":1,"featured_media":0,"parent":0,"menu_order":0,"comment_status":"closed","ping_status":"closed","template":"Homepage.php","meta":{"footnotes":""},"class_list":["post-8","page","type-page","status-publish","hentry"],"_links":{"self":[{"href":"https:\/\/topdesignteam.com\/wsi2\/wp-json\/wp\/v2\/pages\/8","targetHints":{"allow":["GET"]}}],"collection":[{"href":"https:\/\/topdesignteam.com\/wsi2\/wp-json\/wp\/v2\/pages"}],"about":[{"href":"https:\/\/topdesignteam.com\/wsi2\/wp-json\/wp\/v2\/types\/page"}],"author":[{"embeddable":true,"href":"https:\/\/topdesignteam.com\/wsi2\/wp-json\/wp\/v2\/users\/1"}],"replies":[{"embeddable":true,"href":"https:\/\/topdesignteam.com\/wsi2\/wp-json\/wp\/v2\/comments?post=8"}],"version-history":[{"count":58,"href":"https:\/\/topdesignteam.com\/wsi2\/wp-json\/wp\/v2\/pages\/8\/revisions"}],"predecessor-version":[{"id":17202,"href":"https:\/\/topdesignteam.com\/wsi2\/wp-json\/wp\/v2\/pages\/8\/revisions\/17202"}],"wp:attachment":[{"href":"https:\/\/topdesignteam.com\/wsi2\/wp-json\/wp\/v2\/media?parent=8"}],"curies":[{"name":"wp","href":"https:\/\/api.w.org\/{rel}","templated":true}]}}